 = 1, 8*d - 163 = 4*d + j*a. Let c = -81 - -97. What is the greatest common factor of d and c?
8
Let j(b) = 15*b**3 + b**2 - 1. Let r be j(1). Suppose -11*m + 143 = -0*m. Let g = r - m. What is the greatest common factor of 2 and g?
2
Suppose 0 = v + c + 4*c - 24, -111 = -3*v - 2*c. Suppose -3*i + v = 2*n, -3 = -4*i + 17. Calculate the greatest common divisor of 54 and n.
6
Let t(s) = -27*s**3 + s**2 - 43*s - 147. Let x be t(-4). What is the highest common divisor of x and 305?
61
Let i = -15 - -18. Let m be ((-8340)/(-8))/(i/4). Let x be (-6)/27 - m/(-18). What is the greatest common factor of 11 and x?
11
Let a be -9 - -3 - (2 + 143). Let x = a + 163. What is the highest common divisor of x and 16?
4
Let v = -6884 - -6984. What is the greatest common factor of v and 1550?
50
Suppose 32*l - 26448 = 70*l. Let z = l - -786. Let t(u) = -9*u**3 + 2*u**2 + u. Let j be t(-1). Calculate the greatest common divisor of z and j.
10
Suppose -13*h + 62*h - 24696 = 0. Suppose -9*g + 3897 = h. What is the highest common divisor of g and 87?
29
Let u = 107 - -9. Suppose -3*d = -t - 1422 - u, -3*d + 4*t + 1544 = 0. What is the highest common divisor of d and 32?
32
Suppose 11 - 9 = -y, -4*x + 848 = -4*y. What is the highest common factor of 75 and x?
15
Let v(t) = t**3 - 4*t**2 + 2*t - 4. Let z be v(6). Let b be 32/7 - (-3)/63*(-12 + 21). What is the greatest common factor of b and z?
5
Let c(b) = b**3 - 5*b**2 - 113*b + 652. Let g be c(6). Suppose o + l - 310 = 0, o = -2*o + 4*l + 930. Calculate the highest common factor of o and g.
10
Suppose -1009 - 2861 = -5*j. Let z(y) = 16*y**2 + 187*y + 503. Let m be z(-3). What is the highest common factor of j and m?
86
Let h = 6496 - 6464. Calculate the greatest common divisor of 1640 and h.
8
Let k be (-16)/6*(29/116 + 109/(-4)). What is the greatest common divisor of 7092 and k?
36
Let y(i) = i**3 - 17*i**2 - 12*i + 667. Let v be y(15). What is the greatest common divisor of 16243 and v?
37
Suppose 53*n - 22*n = 1705. What is the greatest common divisor of 6875 and n?
55
Let w be 58*2*27/36. Suppose -w*p + 1760 = -76*p. What is the greatest common factor of p and 40?
40
Suppose -23*l = -20*l + 4*z + 361, 2*z + 611 = -5*l. Let i = 83 + -167. Let w = i - l. What is the highest common divisor of 65 and w?
13
Let z(x) = -x**3 - 9*x**2 + 84*x + 762. Let o be z(-9). Calculate the greatest common divisor of o and 16746.
6
Let p = 9631 - 9299. What is the greatest common divisor of 5146 and p?
166
Let s(u) = 5*u + 93. Let m(t) = -2*t - 47. Let p(a) = -7*m(a) - 4*s(a). Let r be p(-9). Calculate the highest common divisor of r and 5.
1
Let x be (-6)/(-2) + (-3)/(-1). Suppose -2*m - x = -3*m. Suppose -y + 4 = -8. What is the greatest common factor of m and y?
6
Let t = -148248 + 148352. Let r = 78 + -39. Calculate the greatest common divisor of t and r.
13
Let w(h) = h**3 - h**2 + 5*h. Let b be w(4). Let c(j) = 110*j + 8369. Let s be c(-75). Calculate the greatest common divisor of b and s.
17
Suppose -6*h + 5*h - 9 = q, -h = 3*q + 17. Let w be h + 2 - ((-3 - -2) + 259). Let c = w - -450. Calculate the highest common factor of c and 21.
21
Suppose -5*t + 7*a - 4*a - 47 = 0, t + 5*a - 13 = 0. Let z be (t/(-14))/((-3)/(-249))*38. Calculate the highest common factor of 83 and z.
83
Let p = 2 - -1. Let g be (p - 3) + 2 - -3. Suppose -c - 4 = 0, 3*v + c - 27 = 104. Calculate the greatest common divisor of g and v.
5
Let s be 8*(30/3 + -2). Suppose s = -6*f + 7*f. Let z = -83 + 99. What is the greatest common factor of z and f?
16
Let n be 23 + 16/(5 + -1). Suppose 36*h - 504 = n*h. Calculate the highest common factor of h and 616.
56
Suppose -11*i = -10*i - 1. Let r be (1 - i) + -23 + 55. Let m = 72 + r. What is the greatest common divisor of m and 13?
13
Suppose -35*a = -32*a - 174 - 309. Calculate the greatest common divisor of a and 63.
7
Let h be 2/(-5)*(-13 - -3). Suppose -1555 = -2*f - 3*f - 5*c, -2*f + h*c + 646 = 0. What is the greatest common divisor of f and 45?
45
Suppose 0 = 44*b + 44*b - 20*b - 5100. Calculate the greatest common factor of b and 175.
25
Suppose 23*f - 6 = 17*f. Let t be (-2)/f*(-190 - 11). Suppose j - t = -5*l, 340 = 2*j + 2*l - 472. What is the highest common factor of j and 37?
37
Let b(h) = -23*h - 4. Let s be b(-3). Suppose j + 1062 - 1166 = 0. What is the greatest common divisor of s and j?
13
Suppose -106 = -11*p + 147. Suppose p*m - 1017 = 2111. What is the greatest common factor of m and 85?
17
Let h(t) be the second derivative of -t**5/20 + 5*t**4/12 + 2*t**3/3 - 3*t**2/2 + 90*t. Let w be h(2). Calculate the highest common factor of 51 and w.
17
Let d(s) = -s**2 + 49*s - 162. Let z be d(45). What is the greatest common divisor of z and 333?
9
Let u = 17 + 3. Let p(z) = -z**2 + z + 35. Let w be p(0). Suppose 4*l - 155 = -w. What is the highest common divisor of l and u?
10
Let r(g) = 3*g**2 - 3*g + 4. Let b be r(3). Suppose 0*q - 2*j = -3*q + 197, 2*j = q - 67. Let l = q + -54. What is the highest common factor of b and l?
11
Let h be 3/(-4)*20672/(-228). Suppose 927 = 4*q + 5*s, 0 = -3*q + 2*s + 353 + 371. What is the highest common divisor of q and h?
34
Suppose 6*d - 85538 + 83600 = 0. Calculate the greatest common factor of 544 and d.
17
Suppose k + k = 88. Let j = k + -28. Let h = -92 - -94. Calculate the greatest common divisor of h and j.
2
Suppose 9*y - 420 + 42 = 0. Suppose 0 = 58*q - 60*q + y. Calculate the greatest common divisor of q and 84.
21
Suppose 500 = 9*s + 113. What is the highest common factor of s and 1333?
43
Let o = -32766 + 32911. Calculate the greatest common divisor of o and 3161.
29
Let l(h) = -4*h - 82 - 3*h + 67 + 20*h. Let z be l(3). Calculate the highest common factor of z and 204.
12
Suppose 16*j = 87*j - 6532. What is the greatest common divisor of j and 44?
4
Let f be 408/28 + 10*(-18)/(-420). Let h = -7 - -21. Let w be h - 2/(-2)*1. Calculate the highest common divisor of w and f.
15
Suppose 0 = 5*y - 3*n - 87, -3*y - 29 = -6*y - 4*n. Let h = y + -18. Let r be -6*(15/9 + h). Calculate the greatest common divisor of r and 24.
8
Let i be 864/(-14)*1904/(-136). Calculate the greatest common divisor of i and 96.
96
Let y = 21 - 19. Suppose y*g - 33 = 1. Let w = 299 + -282. Calculate the greatest common factor of w and g.
17
Suppose 22 - 74 = 4*s. Let b = -1129 + 1170. Let h = s + b. Calculate the highest common factor of 252 and h.
28
Let m(a) = 21*a - 1071. Let b be m(62). Calculate the greatest common divisor of b and 99.
33
Suppose -2*i + 5 = -3*n + 4*n, 0 = 3*i - 3*n - 30. Suppose 59 = 7*l - 18. Let q be (2 - 1)*(l - 19 - -43). Calculate the greatest common factor of i and q.
5
Suppose -10*d - 30*d + 5220 = 50*d. Calculate the greatest common factor of d and 899.
29
Let s(o) = -99*o**3 - 4*o**2 - 30*o - 27. Let v be s(-1). What is the greatest common divisor of v and 1134?
14
Let l(a) be the first derivative of a**3/3 - 13*a**2 + 45*a - 101. Let b be l(25). Calculate the greatest common factor of b and 85.
5
Let q = 176 - 173. Suppose -3*b = p - 0*b - 44, q*p + 2*b = 146. What is the highest common divisor of p and 275?
25
Let h = -81 + 86. Suppose h*o + 134 = -0*f + 2*f, -69 = -f + 2*o. Let q = 132 - f. What is the greatest common factor of 220 and q?
55
Let a = -75 - -75. Suppose a = 2*t + 10 - 162. Suppose 4*v + t = 6*v. What is the greatest common divisor of 19 and v?
19
Suppose -r + 2*q = 0, 5*r = 11*q - 9*q + 24. Let o = -1 + 5. Calculate the greatest common divisor of o and r.
2
Let x be 1*(43 - 4 - 0). Suppose 0 = -452*g + 455*g - 195. Calculate the highest common factor of g and x.
13
Let f(g) = -g + 2. Let a be f(0). Suppose a*o + 3*n - 204 = 0, 3*n - 12 + 96 = o. Let l = o - 21. Calculate the highest common factor of l and 25.
25
Let z(h) = -3*h + 1. Let b be z(-3). Let t be (-6012)/(-14) + 124/217. Let k = t + -420. Calculate the highest common divisor of b and k.
10
Suppose -4*q + 77*q - 2382 - 538 = 0. Let d = 42 + -22. What is the greatest common factor of d and q?
20
Suppose -1761*g + 1758*g + 405 = 0. Calculate the greatest common factor of 6021 and g.
27
Let w(r) = 11*r - 20. Let a be w(4). Let h be 3/((a/10)/4). Calculate the greatest common factor of 55 and h.
5
Suppose 4*z = 2*m + 94, z - 96 = 3*m + 4*z. Let k = -89 + m. Let x = 2